f k.
7
Let g(y) = y**2 + 10*y - 10. Let b be (-54)/4 + (-8)/(-16). Let r be g(b). Suppose r + 25 = 2*x. What are the prime factors of x?
3
Let n(l) = l**3 + 3*l**2 - 5*l - 1. Let t be n(-4). Let s(h) = -h**3 + 3*h**2 + 4. Let g be s(t). Suppose -g*c = -193 + 69. What are the prime factors of c?
31
Let n = -227 - -396. Let p = -98 + n. What are the prime factors of p?
71
Suppose -48*f - 533 = -61*f. What are the prime factors of f?
41
Let u(k) = 351*k + 37. List the prime factors of u(2).
739
Let p be -21 + 21 - (-12)/(-2). Let h(f) = f**3 - 4*f**2 + 5*f - 3. Let t(d) = -d**3 - d**2 - d. Let w(x) = -h(x) - 2*t(x). What are the prime factors of w(p)?
3, 7
Suppose -3*t = 5*b - 50, 2*b + 3 = -3*t + 59. List the prime factors of t.
2, 5
Suppose 0 = -3*h + 2*a - 40, 0 = h - 6*a + 2*a. Let w be 4/3 + 583/33. Let b = h + w. List the prime factors of b.
3
Let w = -48 + 92. Suppose 2*f + w = 4*v - 3*v, 4*f = -5*v + 248. What are the prime factors of v?
2, 3
Let c = -62 - -74. What are the prime factors of (-13 + 0 + 3)/((-2)/c)?
2, 3, 5
Let i(d) be the third derivative of d**5/20 + d**4/4 + d**3/6 - 2*d**2. Suppose 0 = l + l + 8. What are the prime factors of i(l)?
5
Let t = -493 - -915. What are the prime factors of t?
2, 211
Let z be (-4)/2*794/4. Let q = z + 559. What are the prime factors of q?
2, 3
Let i(p) = p**2 - 3*p. Let h be i(4). Suppose -8*x + h*x + 12 = 0. Suppose x*j - 70 = 80. List the prime factors of j.
2, 5
Let v(u) = 3*u**2 - 12*u - 8. List the prime factors of v(-11).
487
Let t be (-714)/9*12/(-8). Let x = -55 + t. What are the prime factors of x?
2
Suppose -39*g + 85220 = 29450. List the prime factors of g.
2, 5, 11, 13
Let q(n) = -n**3 - 6*n**2 - 5*n + 2. Let t be q(-5). Let x(u) = 5*u**2 - 2 - 4*u**2 + 0*u**t + 0 + u. What are the prime factors of x(-9)?
2, 5, 7
Let l(h) = 62*h**2 + 8*h - 9. List the prime factors of l(2).
3, 5, 17
Let z = 76 + 113. Let c = -133 + z. List the prime factors of c.
2, 7
Suppose w = 2*y - 299, -4*y + y - 5*w + 481 = 0. What are the prime factors of y?
2, 19
Suppose 2*y - y - 3 = 0. Suppose o = f - y*o - 30, -o + 103 = 3*f. List the prime factors of f.
2, 17
Suppose 13*i = 14*i + 1. What are the prime factors of (1/i - 0) + 12 + 67?
2, 3, 13
Let u be -3 - -4 - (-6)/2. Suppose 0 = 5*g + 5*k - 235, 0 = -7*g + 2*g + u*k + 226. What are the prime factors of g?
2, 23
Let i(t) = t**2 + 3*t - 4. Let q be (3/(-3))/((-4)/(-24)). List the prime factors of i(q).
2, 7
Let m(g) = 2*g**2 + 4*g - 102. List the prime factors of m(23).
2, 131
Let f = 2000 + -1169. List the prime factors of f.
3, 277
Let h be (-74)/7 - ((-273)/49 + 5). List the prime factors of h/((-18)/(-21)*(-5)/15).
5, 7
Let j = 352 + -230. Suppose 2*w - j = 304. List the prime factors of w.
3, 71
Suppose -23*p + 3832 = -15*p. Suppose 0 = g - 4*g + 15. Suppose p = g*r + 169. List the prime factors of r.
2, 31
Let k = -1 - -4. Suppose p = -0*p + k. Suppose 2*c - 6*u = -p*u + 23, -6 = 2*u. What are the prime factors of c?
7
Let s(f) = 2*f**2 + f + 5. Let b be s(4). Suppose b = 5*h - 89. What are the prime factors of h?
2, 13
Suppose 2*d + 3*j = j + 272, -4*j = 0. Suppose 0*n = -2*n - l + d, -n = l - 68. What are the prime factors of n?
2, 17
Let c be 2/20 - 174/(-60). Suppose -5*z + u + 410 = -2*u, c*u = -15. List the prime factors of z.
79
Let z(u) = 23*u - 29. Let g be z(-9). Let c = g + 397. What are the prime factors of c?
7, 23
Suppose 3*y = 3*a - 12, a = -a + y + 4. Suppose 3*m - 42 = -a. Suppose -3*w + 49 = -m. What are the prime factors of w?
3, 7
Let i be (261/(-6))/(9/(-18)). Let n = 127 - i. List the prime factors of n.
2, 5
List the prime factors of (-3174)/(-4)*(78 + -76).
3, 23
Suppose -s = 4 + 9. Let b(a) = -a**2 - 8*a - 2. Let q be b(-9). Let g = q - s. List the prime factors of g.
2
Let x be (-3)/((-14)/(-6) - 2). Let m = x + 13. Suppose -m*d = -3*q + 57, 12 = q - 4*d - 7. List the prime factors of q.
19
Suppose -4*y + 2*y + 16 = 5*m, y = -m + 5. Let t(p) = 25*p. What are the prime factors of t(y)?
3, 5
Let p(k) = -2*k**3 - 3*k**2 + 2*k + 11. Let i be p(5). Let g = 606 + i. List the prime factors of g.
2, 151
List the prime factors of (-41)/(-164) - 2*(-1743)/8.
2, 109
Suppose v = -4*b - 10, -4*v - b + 3 = -2. Suppose 2*q + 100 = v*w, -5*w - q = 4*q - 200. Suppose -13*h + w = -8*h. List the prime factors of h.
3
Suppose -5*h = x - 55, x = 4*h - 39 + 4. Suppose -15 = h*i - 15*i. What are the prime factors of i?
3
Let k be (3/4)/(4/176). Let u be (-54)/7 + 4/(-14). Let m = k + u. List the prime factors of m.
5
Let d(m) = -m**3 + 7*m**2 + 10*m - 8. Suppose 5*y + 11 - 1 = 0. Let b be 9 + (1 + 1)/y. What are the prime factors of d(b)?
2
Let n(f) = -7*f**3 + 8*f**2 + 6*f - 13. Let t(h) = 13*h**3 - 15*h**2 - 11*h + 25. Let z(b) = -11*n(b) - 6*t(b). Let u = -9 + 6. List the prime factors of z(u).
2, 19
Let h(y) be the first derivative of 119*y**3/3 + y**2/2 - 23. What are the prime factors of h(1)?
2, 3, 5
Let l = -1386 + 2122. Suppose 2*b + b - l = 5*h, -5*b + 5*h + 1240 = 0. List the prime factors of b.
2, 3, 7
Suppose -3*k + 2 = 8. Let l = k + 6. Suppose -l*u = 5*s - 132, -3*s - 3*u + u + 78 = 0. What are the prime factors of s?
2, 3
Let r(k) = k. Let o be r(-6). What are the prime factors of o/12 - ((-113)/(-2))/(-1)?
2, 7
Let y = 3657 - 5847. List the prime factors of y/(-50) - 2/(-10).
2, 11
Let d(i) = -i**3 + 18*i**2 - 21*i - 5. Let q(t) = 2*t**3 - 36*t**2 + 43*t + 10. Let f(l) = -7*d(l) - 3*q(l). What are the prime factors of f(17)?
2, 11
Suppose -5*j - 2358 = -2*p, 5*p - j = 6*p - 1193. List the prime factors of p.
29, 41
Let g = 587 + -344. Let a be (-3)/(-2) - g/18. What are the prime factors of a/7*(-23 - 5)?
2, 3
Let l(k) = -16*k**2 - 3*k + 1. Let q(h) = h**2 - 1. Let r be q(2). Let p be l(r). List the prime factors of 3*(p/(-12) + -3).
29
Suppose -2*b - 2365 = -4*b + 5*i, 5*i = b - 1195. What are the prime factors of b?
2, 3, 5, 13
Let h(d) = 10*d**3 - 9*d**3 - 3*d**2 + 0*d - d**2 + 4*d - 3. What are the prime factors of h(4)?
13
Let g = 4 + 1. Suppose 30 = -5*x - g*o, 6*x - x - 10 = 3*o. List the prime factors of 17 + -2 + x + 0.
2, 7
Let q(h) = -5*h**2 - 3*h - 6. Let w(c) = 11*c**2 + 7*c + 11. Let y(k) = 13*q(k) + 6*w(k). What are the prime factors of y(5)?
2, 7
Let f = -5 + 7. Let d be (-2)/8*f*-6. Suppose 0 = j - 2*j + a + 61, -j + d*a + 69 = 0. What are the prime factors of j?
3, 19
What are the prime factors of (14/21)/((8/(-3558))/(-2))?
593
Let a = 3307 + -2338. Suppose 2*y - 5*y + 591 = -5*b, 0 = 5*y - 3*b - a. What are the prime factors of y?
2, 3
Let j(q) = 43*q + 65. What are the prime factors of j(4)?
3, 79
Let g = -246 + 468. List the prime factors of g.
2, 3, 37
Let a(s) = -s**2 + 1. Let i(v) = 6*v**2 - 9*v - 1. Let c(z) = -5*a(z) - i(z). Let y(u) = -u**2 - 7*u - 3. Let w be y(-5). What are the prime factors of c(w)?
2, 5
Suppose -2*h + 258 = -2*b, 3*h + b = -b + 402. Suppose -2*l + 85 = -5*o, 0 = 3*l + 2*o - 5 - h. Suppose 4*y - l = y. What are the prime factors of y?
3, 5
What are the prime factors of (18/(-7))/(30/(-2730))?
2, 3, 13
Let u(d) = d**3 + 11*d**2 - 10*d + 15. Let z be (2 + -14)*(-3 - -4). Let b be u(z). Let g(t) = t**2 + 4*t - 5. List the prime factors of g(b).
2, 5
Suppose -30*f + 1815 = -19*f. List the prime factors of f.
3, 5, 11
Let t(q) = 551*q - 793. What are the prime factors of t(7)?
2, 383
Let j(l) = 47*l - 78. List the prime factors of j(10).
2, 7
Suppose 2*t - 13 = -3*t - s, -16 = -2*t + 5*s. Suppose t*j + 5*g = 22, -2*j + j = 3*g - 6. Suppose j = f + 1. What are the prime factors of f?
2
Let d be 152/(-10)*(-10)/4. Let v = 67 - d. Suppose -4*q + 0*q = -4*i + 56, i + 2*q - v = 0. What are the prime factors of i?
19
Suppose 13 = -4*q + 5*q. Suppose -1 + q = 2*l. Suppose 2*s + 4 = 5*z - 15, 2*s - l = 0. List the prime factors of z.
5
Let o(s) = -5*s - 19. Let i be o(-5). Suppose -11*p = -i*p - 555. What are the prime factors of p?
3, 37
List the prime factors of 6*((-762)/(-30))/((-6)/(-5)).
127
Suppose -4*r = -2*l - 218, 5*l + 215 = 4*r - 0*l. Let m(z) = 5*z + 4. Let s(j) = -70*j - 55. Let i(w) = r*m(w) + 4*s(w). List the prime factors of i(-6).
2, 3, 5
Suppose -4*x = x. Suppose 2*u + x*u + 17 = a, -49 = -5*a + u. What are the prime factors of a?
3
Let g(p) be the first derivative of 1